
2112123 (base 5) to base 4
20213120
What is 1022200010020100 (base 3) in base 9?
38603210
What is -13307575 (base 9) in base 5?
-3134410030
Convert -1320143 (base 6) to base 2.
-10001101110111111
49c37c (base 15) to base 11
1aa4507
Convert 2672670 (base 9) to base 13.
3c3b3a
What is -21566246 (base 7) in base 3?
-10111202210122
Convert -436e4 (base 16) to base 11.
-179568
Convert -212204 (base 6) to base 13.
-7b91
What is 6672504 (base 8) in base 16?
1b7544
-130332401 (base 5) to base 14
-127dd7
Convert 2b9a8b8 (base 12) to base 2.
100010000000010110001100
What is 5316 (base 14) in base 12?
8360
2143361 (base 8) to base 10
575217
What is -1356952 (base 10) in base 7?
-14351062
Convert 65350477 (base 8) to base 14.
1c0a979
Convert -112322333 (base 4) to base 11.
-645a2
Convert 223330003121 (base 4) to base 16.
afc0d9
bb7ba (base 12) to base 14
66686
What is 74465 (base 9) in base 8?
140112
-1112762 (base 11) to base 7
-22403360
What is 12450131 (base 6) in base 3?
202212122001
-12322111231 (base 4) to base 3
-10102001100111
What is 1d185 (base 15) in base 12?
46a82
-43de49 (base 16) to base 9
-8328228
-2aa7ca (base 16) to base 13
-76b52b
What is 45410 (base 11) in base 14?
19d3c
Convert -1010000212 (base 5) to base 9.
-3735377
399a1 (base 15) to base 3
100100222121
Convert -dd95e (base 15) to base 5.
-140012424
Convert -4c870 (base 14) to base 8.
-557542
What is -235460 (base 8) in base 16?
-13b30
Convert -1b0ca (base 14) to base 6.
-1250230
9dcc9 (base 14) to base 11
242511
Convert -227118 (base 9) to base 16.
-214e5
621816 (base 14) to base 5
1321324413
Convert -2b556 (base 15) to base 12.
-68939
What is -3c2bc6 (base 13) in base 12?
-5a67aa
-716347 (base 12) to base 3
-10100002200001
What is 243b70 (base 16) in base 4?
21003231300
-1000100111010010011000 (base 2) to base 15
-2e90d2
Convert -10001000110000111111 (base 2) to base 14.
-108219
25626 (base 12) to base 2
1100011100111110
Convert -101121011211 (base 3) to base 2.
-110010111011110000
What is 1122221210110 (base 3) in base 9?
1587713
-681c8d (base 14) to base 16
-360225
Convert -3365500 (base 7) to base 2.
-1100110011110010110
What is bb2c1 (base 13) in base 16?
52b91
What is 77740 (base 10) in base 5?
4441430
Convert -121211321102 (base 4) to base 2.
-11001100101111001010010
Convert 4d39e (base 16) to base 3.
121001220111
65841 (base 15) to base 11
20031a
-d05036 (base 15) to base 2
-100101101110010000100001
What is -63a949 (base 15) in base 14?
-8b6bcd
What is -11221112122 (base 3) in base 15?
-1dca2
What is -289841 (base 11) in base 6?
-13405342
What is 11001011000100101 (base 2) in base 14?
29c69
What is -377343 (base 9) in base 6?
-4521403
3bcef5 (base 16) to base 7
45213264
-144523350 (base 6) to base 8
-13432422
32fe1 (base 16) to base 8
627741
Convert -15b95 (base 14) to base 15.
-111d3
2331133 (base 6) to base 12
59aa9
-1653212 (base 10) to base 2
-110010011100111011100
Convert -a1bb1 (base 12) to base 9.
-351147
17006 (base 8) to base 9
11480
What is -2413430 (base 6) in base 4?
-132320322
Convert -100111000111110101010 (base 2) to base 5.
-312010322
111323213300 (base 4) to base 3
101211002110112
5131554 (base 7) to base 13
185c6a
Convert 27688 (base 9) to base 16.
4967
-5224153 (base 8) to base 10
-1386603
28f28 (base 16) to base 15
34a65
What is -11102022001101 (base 3) in base 8?
-10752162
-43192 (base 12) to base 8
-254476
What is 502066 (base 8) in base 5?
20234133
447306 (base 9) to base 10
267792
What is 20327 (base 12) in base 3?
2010112011
Convert -48a0a (base 14) to base 6.
-3450054
-1239517 (base 11) to base 7
-24163525
-310315253 (base 6) to base 7
-63266622
What is 1228424 (base 9) in base 10?
668839
2e85 (base 15) to base 10
10025
Convert -810525 (base 9) to base 4.
-1311002111
410820 (base 12) to base 15
151610
What is 12010201020201 (base 3) in base 8?
12324456
220010001000222 (base 3) to base 14
19b7d76
255451 (base 8) to base 12
43521
Convert 3cb02 (base 15) to base 10.
194852
11001010100111111111110 (base 2) to base 4
121110333332
1d07b (base 16) to base 11
81378
What is 12828 (base 14) in base 5?
2424013
Convert -345381 (base 9) to base 15.
-41687
What is 6042241 (base 7) in base 9?
1311531
3023211110 (base 4) to base 5
203141001
20003532 (base 7) to base 4
12102123333
Convert -b4685 (base 12) to base 2.
-111001100111000101
Convert 408220 (base 9) to base 8.
731040
Convert -246001 (base 12) to base 15.
-ba187
What is -12534551 (base 8) in base 15?
-3a4952
-494b95 (base 16) to base 13
-cc24c3
What is -110001111200 (base 3) in base 15?
-4a499
What is 366615 (base 8) in base 7?
1034236
Convert -2030211321 (base 4) to base 12.
-239309
-1a4a44 (base 13) to base 7
-5446611
Convert 10061434 (base 10) to base 11.
5752339
What is 6186602 (base 9) in base 3?
20012220200002
1012220210 (base 3) to base 11
17036
Convert 141622655 (base 7) to base 14.
133919c
Convert 10474544 (base 8) to base 10.
2259300
What is 6cdb8 (base 14) in base 6?
5412034
Convert fd64f (base 16) to base 10.
1037903
What is 4c6063 (base 13) in base 4?
13001200033
-4964 (base 14) to base 11
-9702
What is -15295 (base 14) in base 3?
-2200020100
Convert -1110010001011100110010 (base 2) to base 16.
-391732
Convert 54b74 (base 16) to base 12.
148984
What is 69c30 (base 13) in base 5?
22140311
Convert 138845 (base 9) to base 8.
246405
Convert -459907 (base 10) to base 6.
-13505111
What is -121333301 (base 4) in base 14?
-2ab3b
1124130 (base 10) to base 7
12361230
What is 4c3765 (base 16) in base 6?
255020341
What is 130373 (base 9) in base 2?
10011010011000001
Convert -242055102 (base 7) to base 2.
-111001011111111001001011
Convert -12891 (base 13) to base 11.
-23956
What is 1682433 (base 10) in base 8?
6326001
What is 27cabc3 (base 13) in base 8?
60107175
What is 12210 (base 10) in base 5?
342320
2001000002020 (base 3) to base 10
1082625
What is -1322753 (base 11) in base 12?
-9239a3
Convert -1120121 (base 5) to base 13.
-9173
What is 1633661 (base 11) in base 13?
767480
Convert 138856 (base 13) to base 12.
1ab547
What is -15031 (base 15) in base 11?
-46826
What is -21013656 (base 7) in base 3?
-10022211221000
-12332213300 (base 4) to base 15
-262075
What is -1000933 (base 11) in base 16?
-1b0c8e
Convert 541414525 (base 6) to base 14.
13bbb13
What is 6341023 (base 9) in base 4?
30330110103
What is 1346a4 (base 11) in base 9?
351557
523640 (base 7) to base 8
260114
What is 20332320 (base 5) in base 2?
101000111110011011
Convert 516539 (base 10) to base 3.
222020120002
What is 20411c (base 14) in base 7?
12144435
-66601 (base 10) to base 16
-10429
Convert 12210113312 (base 4) to base 16.
1a45f6
What is -46a928 (base 14) in base 2?
-1001001100101000011000
-126602 (base 8) to base 16
-ad82
What is 1333112 (base 6) in base 12?
37198
What is -2523113 (base 8) in base 2?
-10101010011001001011
What is -100122211010 (base 3) in base 5?
-22041022
8499975 (base 10) to base 3
120222211202220
What is -e389 (base 15) in base 9?
-72823
What is -33369 (base 10) in base 3?
-1200202220
-a7217 (base 15) to base 7
-4336126
What is -1005240121 (base 6) in base 10?
-10331761
What is 6225603 (base 9) in base 2?
1100101011100001100000
What is 9af7b (base 16) in base 9?
1166634
Convert 44d10 (base 15) to base 14.
59b08
Convert 101020120002 (base 3) to base 15.
3eb0b
What is -1020001210020210 (base 3) in base 14?
-24960ac
Convert 8bd88 (base 14) to base 10.
340180
Convert -242266 (base 7) to base 2.
-1010110000010010
What is -102010102000202 (base 3) in base 9?
-12112022
What is 2011326 (base 7) in base 8?
721201
Convert -19722d (base 16) to base 11.
-a39a07
66fa95 (base 16) to base 9
13625570
Convert -173716 (base 8) to base 15.
-13be3
Convert -57319 (base 12) to base 7.
-662601
What is 43e0e (base 15) in base 14?
588d7
-1102112000102 (base 3) to base 13
-20712b
180f2 (base 16) to base 13
35b16
4c7a (base 15) to base 7
65365
What is 1930b87 (base 13) in base 5?
4103143344
What is 7a868 (base 13) in base 11?
142882
-82112 (base 10) to base 4
-110003000
What is 142343224 (base 5) in base 3?
1101221021011
Convert 1045665 (base 10) to base 12.
425169
-10100101000101001 (base 2) to base 9
-137842
What is 111201010100121 (base 3) in base 12?
2533b44
11d44 (base 16) to base 15
16988
-a6b9a9 (base 14) to base 2
-101011000010